{"id":231,"date":"2021-02-14T18:09:45","date_gmt":"2021-02-14T17:09:45","guid":{"rendered":"http:\/\/gruene-gruenberg.de\/wordpress\/?page_id=231"},"modified":"2026-02-18T18:33:28","modified_gmt":"2026-02-18T17:33:28","slug":"unser-wahlprogramm","status":"publish","type":"page","link":"http:\/\/gruene-gruenberg.de\/wordpress\/unser-wahlprogramm\/","title":{"rendered":"Kommunalwahl `26"},"content":{"rendered":"\n<h2 class=\"wp-block-heading\">Liebe W\u00e4hlerinnen und W\u00e4hler,<br>die Klimakrise ist real.<\/h2>\n\n\n\n<p>Wir alle erleben sie t\u00e4glich ganz konkret: Trockene B\u00f6den, gef\u00e4hrdete W\u00e4lder, drohender Wassermangel, dramatisches Artensterben, extreme Wetterentwicklungen.<\/p>\n\n\n\n<p class=\"has-medium-font-size\"><strong>Die Zeichen sind un\u00fcbersehbar.<br>Jetzt m\u00fcssen wir handeln!<\/strong><\/p>\n\n\n\n<p>Gemeinsam stellen wir uns der Klimakrise entgegen und treffen die notwendigen Entscheidungen, denn: Es liegt in unserer Verantwortung, wie unsere Stadt und unsere Stadtteile in Zukunft aussehen: mit gr\u00fcnen W\u00e4ldern, sauberem Wasser, biologischer Vielfalt und einer starken Gemeinschaft.<\/p>\n\n\n\n<p class=\"has-medium-font-size\"><strong>Daf\u00fcr brauchen wir konsequente Politik<br>und mutige Entscheidungen \u2013 jetzt!<\/strong><\/p>\n\n\n\n<ul class=\"wp-block-list\">\n<li class=\"has-medium-font-size\">F\u00fcr unsere Stadt.<\/li>\n\n\n\n<li class=\"has-medium-font-size\">F\u00fcr unsere Kinder.<\/li>\n\n\n\n<li class=\"has-medium-font-size\">F\u00fcr unsere Zukunft.<\/li>\n<\/ul>\n\n\n\n<p><strong>Liebe W\u00e4hlerinnen und W\u00e4hler, wir bitten Sie um Ihr Vertrauen:<\/strong><\/p>\n\n\n\n<h2 class=\"wp-block-heading\">W\u00e4hlen Sie am 15. M\u00e4rz 2026<br>Liste 4, B\u00fcndnis 90\/DIE GR\u00dcNEN!<\/h2>\n\n\n\n<p class=\"has-medium-font-size\"><a href=\"http:\/\/gruene-gruenberg.de\/wordpress\/wp-content\/uploads\/2026\/02\/Wahlprogramm-digi.pdf\" data-type=\"link\" data-id=\"http:\/\/gruene-gruenberg.de\/wordpress\/wp-content\/uploads\/2026\/02\/Wahlprogramm-digi.pdf\"><strong>Lesen Sie hier unser Wahlprogramm.<\/strong><br><strong>Wir freuen uns darauf, mit Ihnen ins Gespr\u00e4ch zu kommen.<\/strong><\/a><\/p>\n\n\n\n<p><\/p>\n","protected":false},"excerpt":{"rendered":"<p>Liebe W\u00e4hlerinnen und W\u00e4hler,die Klimakrise ist real. Wir alle erleben sie t\u00e4glich ganz konkret: Trockene B\u00f6den, gef\u00e4hrdete W\u00e4lder, drohender Wassermangel, dramatisches Artensterben, extreme Wetterentwicklungen. Die Zeichen sind un\u00fcbersehbar.Jetzt m\u00fcssen wir&#8230; <\/p>\n","protected":false},"author":2,"featured_media":0,"parent":0,"menu_order":0,"comment_status":"closed","ping_status":"closed","template":"","meta":{"footnotes":""},"class_list":["post-231","page","type-page","status-publish","hentry"],"_links":{"self":[{"href":"http:\/\/gruene-gruenberg.de\/wordpress\/wp-json\/wp\/v2\/pages\/231","targetHints":{"allow":["GET"]}}],"collection":[{"href":"http:\/\/gruene-gruenberg.de\/wordpress\/wp-json\/wp\/v2\/pages"}],"about":[{"href":"http:\/\/gruene-gruenberg.de\/wordpress\/wp-json\/wp\/v2\/types\/page"}],"author":[{"embeddable":true,"href":"http:\/\/gruene-gruenberg.de\/wordpress\/wp-json\/wp\/v2\/users\/2"}],"replies":[{"embeddable":true,"href":"http:\/\/gruene-gruenberg.de\/wordpress\/wp-json\/wp\/v2\/comments?post=231"}],"version-history":[{"count":52,"href":"http:\/\/gruene-gruenberg.de\/wordpress\/wp-json\/wp\/v2\/pages\/231\/revisions"}],"predecessor-version":[{"id":926,"href":"http:\/\/gruene-gruenberg.de\/wordpress\/wp-json\/wp\/v2\/pages\/231\/revisions\/926"}],"wp:attachment":[{"href":"http:\/\/gruene-gruenberg.de\/wordpress\/wp-json\/wp\/v2\/media?parent=231"}],"curies":[{"name":"wp","href":"https:\/\/api.w.org\/{rel}","templated":true}]}}